{"id":76,"date":"2025-04-25T09:22:34","date_gmt":"2025-04-25T12:22:34","guid":{"rendered":"https:\/\/mdpsportnutrition.com.br\/?page_id=76"},"modified":"2025-04-28T16:37:44","modified_gmt":"2025-04-28T19:37:44","slug":"consultoria","status":"publish","type":"page","link":"https:\/\/mdpsportnutrition.com.br\/?page_id=76","title":{"rendered":"Consultoria"},"content":{"rendered":"\t\t<div data-elementor-type=\"wp-page\" data-elementor-id=\"76\" class=\"elementor elementor-76\">\n\t\t\t\t<div class=\"elementor-element elementor-element-52e5c1b e-flex e-con-boxed e-con e-parent\" data-id=\"52e5c1b\" data-element_type=\"container\" data-e-type=\"container\">\n\t\t\t\t\t<div class=\"e-con-inner\">\n\t\t\t\t<div class=\"elementor-element elementor-element-e0fb281 elementor-widget elementor-widget-heading\" data-id=\"e0fb281\" data-element_type=\"widget\" data-e-type=\"widget\" data-widget_type=\"heading.default\">\n\t\t\t\t<div class=\"elementor-widget-container\">\n\t\t\t\t\t<h2 class=\"elementor-heading-title elementor-size-default\">CONSULTORIA E PLANOS DE TREINO<\/h2>\t\t\t\t<\/div>\n\t\t\t\t<\/div>\n\t\t\t\t\t<\/div>\n\t\t\t\t<\/div>\n\t\t<div class=\"elementor-element elementor-element-3465e31 e-grid e-con-boxed e-con e-parent\" data-id=\"3465e31\" data-element_type=\"container\" data-e-type=\"container\">\n\t\t\t\t\t<div class=\"e-con-inner\">\n\t\t\t\t<div class=\"elementor-element elementor-element-9f60ac9 elementor-widget elementor-widget-text-editor\" data-id=\"9f60ac9\" data-element_type=\"widget\" data-e-type=\"widget\" data-widget_type=\"text-editor.default\">\n\t\t\t\t<div class=\"elementor-widget-container\">\n\t\t\t\t\t\t\t\t\t<p>Ser um grande atleta n\u00e3o basta. \u00c9 preciso m\u00e9todo, estrat\u00e9gia e disciplina. Marcelo de Paula oferece um programa de consultoria personalizada para aqueles que desejam transformar seus corpos e suas vidas.<\/p><p class=\"\" data-start=\"307\" data-end=\"674\">Treinar com um profissional faz toda a diferen\u00e7a \u2014 e quando esse profissional \u00e9 <strong data-start=\"387\" data-end=\"407\">Marcelo de Paula<\/strong>, os resultados ultrapassam qualquer expectativa. Com anos de experi\u00eancia como atleta de elite e um hist\u00f3rico impec\u00e1vel no fisiculturismo brasileiro, Marcelo desenvolveu uma metodologia pr\u00f3pria, voltada para a <strong data-start=\"617\" data-end=\"653\">transforma\u00e7\u00e3o real e sustent\u00e1vel<\/strong> do corpo e da mente.<\/p><p class=\"\" data-start=\"676\" data-end=\"963\">A consultoria personalizada oferecida por Marcelo vai al\u00e9m da prescri\u00e7\u00e3o de treinos e dietas. \u00c9 um acompanhamento de alto n\u00edvel, baseado em <strong data-start=\"816\" data-end=\"842\">princ\u00edpios cient\u00edficos<\/strong>, <strong data-start=\"844\" data-end=\"868\">estrat\u00e9gias testadas<\/strong>, e uma compreens\u00e3o profunda do que cada corpo precisa para evoluir com seguran\u00e7a e efici\u00eancia.<\/p><p class=\"\" data-start=\"676\" data-end=\"963\">\u00a0<\/p>\t\t\t\t\t\t\t\t<\/div>\n\t\t\t\t<\/div>\n\t\t\t\t<div class=\"elementor-element elementor-element-b37e83c elementor-widget elementor-widget-image\" data-id=\"b37e83c\" data-element_type=\"widget\" data-e-type=\"widget\" data-widget_type=\"image.default\">\n\t\t\t\t<div class=\"elementor-widget-container\">\n\t\t\t\t\t\t\t\t\t\t\t\t\t\t\t<img fetchpriority=\"high\" decoding=\"async\" width=\"300\" height=\"450\" src=\"https:\/\/mdpsportnutrition.com.br\/wp-content\/uploads\/2025\/04\/img-consultoria.png\" class=\"attachment-large size-large wp-image-83\" alt=\"\" srcset=\"https:\/\/mdpsportnutrition.com.br\/wp-content\/uploads\/2025\/04\/img-consultoria.png 300w, https:\/\/mdpsportnutrition.com.br\/wp-content\/uploads\/2025\/04\/img-consultoria-200x300.png 200w\" sizes=\"(max-width: 300px) 100vw, 300px\" \/>\t\t\t\t\t\t\t\t\t\t\t\t\t\t\t<\/div>\n\t\t\t\t<\/div>\n\t\t\t\t\t<\/div>\n\t\t\t\t<\/div>\n\t\t<div class=\"elementor-element elementor-element-19972d7 e-grid e-con-boxed e-con e-parent\" data-id=\"19972d7\" data-element_type=\"container\" data-e-type=\"container\">\n\t\t\t\t\t<div class=\"e-con-inner\">\n\t\t\t\t<div class=\"elementor-element elementor-element-ccbbb36 elementor-widget elementor-widget-image\" data-id=\"ccbbb36\" data-element_type=\"widget\" data-e-type=\"widget\" data-widget_type=\"image.default\">\n\t\t\t\t<div class=\"elementor-widget-container\">\n\t\t\t\t\t\t\t\t\t\t\t\t\t\t\t<img decoding=\"async\" width=\"670\" height=\"895\" src=\"https:\/\/mdpsportnutrition.com.br\/wp-content\/uploads\/2025\/04\/img-consultoria1.png\" class=\"attachment-large size-large wp-image-84\" alt=\"\" srcset=\"https:\/\/mdpsportnutrition.com.br\/wp-content\/uploads\/2025\/04\/img-consultoria1.png 670w, https:\/\/mdpsportnutrition.com.br\/wp-content\/uploads\/2025\/04\/img-consultoria1-225x300.png 225w\" sizes=\"(max-width: 670px) 100vw, 670px\" \/>\t\t\t\t\t\t\t\t\t\t\t\t\t\t\t<\/div>\n\t\t\t\t<\/div>\n\t\t\t\t<div class=\"elementor-element elementor-element-6f97fda elementor-widget elementor-widget-image\" data-id=\"6f97fda\" data-element_type=\"widget\" data-e-type=\"widget\" data-widget_type=\"image.default\">\n\t\t\t\t<div class=\"elementor-widget-container\">\n\t\t\t\t\t\t\t\t\t\t\t\t\t\t\t<img decoding=\"async\" width=\"670\" height=\"895\" src=\"https:\/\/mdpsportnutrition.com.br\/wp-content\/uploads\/2025\/04\/img-consultoria2.png\" class=\"attachment-large size-large wp-image-85\" alt=\"\" srcset=\"https:\/\/mdpsportnutrition.com.br\/wp-content\/uploads\/2025\/04\/img-consultoria2.png 670w, https:\/\/mdpsportnutrition.com.br\/wp-content\/uploads\/2025\/04\/img-consultoria2-225x300.png 225w\" sizes=\"(max-width: 670px) 100vw, 670px\" \/>\t\t\t\t\t\t\t\t\t\t\t\t\t\t\t<\/div>\n\t\t\t\t<\/div>\n\t\t\t\t<div class=\"elementor-element elementor-element-35a1e35 elementor-widget elementor-widget-image\" data-id=\"35a1e35\" data-element_type=\"widget\" data-e-type=\"widget\" data-widget_type=\"image.default\">\n\t\t\t\t<div class=\"elementor-widget-container\">\n\t\t\t\t\t\t\t\t\t\t\t\t\t\t\t<img loading=\"lazy\" decoding=\"async\" width=\"670\" height=\"895\" src=\"https:\/\/mdpsportnutrition.com.br\/wp-content\/uploads\/2025\/04\/img-consultoria3.png\" class=\"attachment-large size-large wp-image-86\" alt=\"\" srcset=\"https:\/\/mdpsportnutrition.com.br\/wp-content\/uploads\/2025\/04\/img-consultoria3.png 670w, https:\/\/mdpsportnutrition.com.br\/wp-content\/uploads\/2025\/04\/img-consultoria3-225x300.png 225w\" sizes=\"(max-width: 670px) 100vw, 670px\" \/>\t\t\t\t\t\t\t\t\t\t\t\t\t\t\t<\/div>\n\t\t\t\t<\/div>\n\t\t\t\t\t<\/div>\n\t\t\t\t<\/div>\n\t\t<div class=\"elementor-element elementor-element-2fb9b23 e-flex e-con-boxed e-con e-parent\" data-id=\"2fb9b23\" data-element_type=\"container\" data-e-type=\"container\">\n\t\t\t\t\t<div class=\"e-con-inner\">\n\t\t\t\t<div class=\"elementor-element elementor-element-caf4964 elementor-align-center elementor-widget__width-inherit elementor-widget elementor-widget-button\" data-id=\"caf4964\" data-element_type=\"widget\" data-e-type=\"widget\" data-widget_type=\"button.default\">\n\t\t\t\t<div class=\"elementor-widget-container\">\n\t\t\t\t\t\t\t\t\t<div class=\"elementor-button-wrapper\">\n\t\t\t\t\t<a class=\"elementor-button elementor-button-link elementor-size-sm\" href=\"https:\/\/api.whatsapp.com\/send\/?phone=5534992431492&#038;text&#038;type=phone_number&#038;app_absent=0\">\n\t\t\t\t\t\t<span class=\"elementor-button-content-wrapper\">\n\t\t\t\t\t\t<span class=\"elementor-button-icon\">\n\t\t\t\t<svg aria-hidden=\"true\" class=\"e-font-icon-svg e-fab-whatsapp\" viewBox=\"0 0 448 512\" xmlns=\"http:\/\/www.w3.org\/2000\/svg\"><path d=\"M380.9 97.1C339 55.1 283.2 32 223.9 32c-122.4 0-222 99.6-222 222 0 39.1 10.2 77.3 29.6 111L0 480l117.7-30.9c32.4 17.7 68.9 27 106.1 27h.1c122.3 0 224.1-99.6 224.1-222 0-59.3-25.2-115-67.1-157zm-157 341.6c-33.2 0-65.7-8.9-94-25.7l-6.7-4-69.8 18.3L72 359.2l-4.4-7c-18.5-29.4-28.2-63.3-28.2-98.2 0-101.7 82.8-184.5 184.6-184.5 49.3 0 95.6 19.2 130.4 54.1 34.8 34.9 56.2 81.2 56.1 130.5 0 101.8-84.9 184.6-186.6 184.6zm101.2-138.2c-5.5-2.8-32.8-16.2-37.9-18-5.1-1.9-8.8-2.8-12.5 2.8-3.7 5.6-14.3 18-17.6 21.8-3.2 3.7-6.5 4.2-12 1.4-32.6-16.3-54-29.1-75.5-66-5.7-9.8 5.7-9.1 16.3-30.3 1.8-3.7.9-6.9-.5-9.7-1.4-2.8-12.5-30.1-17.1-41.2-4.5-10.8-9.1-9.3-12.5-9.5-3.2-.2-6.9-.2-10.6-.2-3.7 0-9.7 1.4-14.8 6.9-5.1 5.6-19.4 19-19.4 46.3 0 27.3 19.9 53.7 22.6 57.4 2.8 3.7 39.1 59.7 94.8 83.8 35.2 15.2 49 16.5 66.6 13.9 10.7-1.6 32.8-13.4 37.4-26.4 4.6-13 4.6-24.1 3.2-26.4-1.3-2.5-5-3.9-10.5-6.6z\"><\/path><\/svg>\t\t\t<\/span>\n\t\t\t\t\t\t\t\t\t<span class=\"elementor-button-text\">QUERO TREINAR COM MARCELO<\/span>\n\t\t\t\t\t<\/span>\n\t\t\t\t\t<\/a>\n\t\t\t\t<\/div>\n\t\t\t\t\t\t\t\t<\/div>\n\t\t\t\t<\/div>\n\t\t\t\t\t<\/div>\n\t\t\t\t<\/div>\n\t\t\t\t<\/div>\n\t\t","protected":false},"excerpt":{"rendered":"<p>CONSULTORIA E PLANOS DE TREINO Ser um grande atleta n\u00e3o basta. \u00c9 preciso m\u00e9todo, estrat\u00e9gia e disciplina. Marcelo de Paula oferece um [&hellip;]<\/p>\n","protected":false},"author":1,"featured_media":0,"parent":0,"menu_order":0,"comment_status":"closed","ping_status":"closed","template":"","meta":{"footnotes":""},"class_list":["post-76","page","type-page","status-publish","hentry"],"_links":{"self":[{"href":"https:\/\/mdpsportnutrition.com.br\/index.php?rest_route=\/wp\/v2\/pages\/76","targetHints":{"allow":["GET"]}}],"collection":[{"href":"https:\/\/mdpsportnutrition.com.br\/index.php?rest_route=\/wp\/v2\/pages"}],"about":[{"href":"https:\/\/mdpsportnutrition.com.br\/index.php?rest_route=\/wp\/v2\/types\/page"}],"author":[{"embeddable":true,"href":"https:\/\/mdpsportnutrition.com.br\/index.php?rest_route=\/wp\/v2\/users\/1"}],"replies":[{"embeddable":true,"href":"https:\/\/mdpsportnutrition.com.br\/index.php?rest_route=%2Fwp%2Fv2%2Fcomments&post=76"}],"version-history":[{"count":26,"href":"https:\/\/mdpsportnutrition.com.br\/index.php?rest_route=\/wp\/v2\/pages\/76\/revisions"}],"predecessor-version":[{"id":258,"href":"https:\/\/mdpsportnutrition.com.br\/index.php?rest_route=\/wp\/v2\/pages\/76\/revisions\/258"}],"wp:attachment":[{"href":"https:\/\/mdpsportnutrition.com.br\/index.php?rest_route=%2Fwp%2Fv2%2Fmedia&parent=76"}],"curies":[{"name":"wp","href":"https:\/\/api.w.org\/{rel}","templated":true}]}}